{"text_format":"3","workbook":"xlsx","n_sheets":3,"sheets":["Turkey Run","Fastlane","Instructions"],"not_rendered":{"macros":1,"defined_names":4},"read":"whole","date_system":"1900"}

{"sheet":"Turkey Run","index":0,"n_rows":49,"n_cols":5,"rows_kept":49}
["RETURN TO:"]
["GEORGIA ENVIRONMENTAL PROTECTION DIVISION"]
["LAND PROTECTION COMPLIANCE PROGRAM"]
["4244 INTERNATIONAL PARKWAY"]
["SUITE 104"]
["ATLANTA, GEORGIA 30354"]
["ATTN: QUARTERLY SOLID WASTE REPORT"]
["(404) 362-2696"]
[]
["SOLID WASTE DISPOSAL REPORT"]
["COMPLETE THE SECTION OF THIS FORM BELOW THIS LINE"]
[]
["Operator's name:","Turkey Run Landfill"]
[]
["Address:","7144 Lone Oak Road"]
[null,"Hogansville  GA  30230   706-637-8520"]
[]
["Disposal Site Name:","Turkey Run Landfill"]
[]
["Solid Waste Permit Number:",null,"099-019D(MSWL)"]
[]
["Report Year:",2018,null,"Reporting Quarter:","Q3"]
[]
["Measuring Method:","On-Site Scales      X               Off-Site Scales   _____          Representative Sample  _____"]
[]
["Origin of ",{"$nulls":3},"MSW Tons"]
["Waste:",{"$nulls":3},"Disposed:"]
[]
["CARROLL",{"$nulls":3},{"$f":"IF(A29=\"\",\"\",SUMIF(Fastlane!$A:$A,A29,Fastlane!$B:$B))","v":869.85}]
["CHEROKEE",{"$nulls":3},{"$f":"IF(A30=\"\",\"\",SUMIF(Fastlane!$A:$A,A30,Fastlane!$B:$B))","v":35.58}]
["CLAYTON",{"$nulls":3},{"$f":"IF(A31=\"\",\"\",SUMIF(Fastlane!$A:$A,A31,Fastlane!$B:$B))","v":{"v":49993.98999999999,"d":"49,993.99"}}]
["COBB",{"$nulls":3},{"$f":"IF(A32=\"\",\"\",SUMIF(Fastlane!$A:$A,A32,Fastlane!$B:$B))","v":{"v":5071.210000000001,"d":"5,071.21"}}]
["COWETA",{"$nulls":3},{"$f":"IF(A33=\"\",\"\",SUMIF(Fastlane!$A:$A,A33,Fastlane!$B:$B))","v":{"v":33601.35,"d":"33,601.35"}}]
["DOUGLAS",{"$nulls":3},{"$f":"IF(A34=\"\",\"\",SUMIF(Fastlane!$A:$A,A34,Fastlane!$B:$B))","v":15.99}]
["FAYETTE",{"$nulls":3},{"$f":"IF(A35=\"\",\"\",SUMIF(Fastlane!$A:$A,A35,Fastlane!$B:$B))","v":{"v":8274.380000000001,"d":"8,274.38"}}]
["FULTON",{"$nulls":3},{"$f":"IF(A36=\"\",\"\",SUMIF(Fastlane!$A:$A,A36,Fastlane!$B:$B))","v":{"v":53048.79,"d":"53,048.79"}}]
["HARRIS",{"$nulls":3},{"$f":"IF(A37=\"\",\"\",SUMIF(Fastlane!$A:$A,A37,Fastlane!$B:$B))","v":22.46}]
["HEARD",{"$nulls":3},{"$f":"IF(A38=\"\",\"\",SUMIF(Fastlane!$A:$A,A38,Fastlane!$B:$B))","v":899.48}]
["HENRY",{"$nulls":3},{"$f":"IF(A39=\"\",\"\",SUMIF(Fastlane!$A:$A,A39,Fastlane!$B:$B))","v":{"v":549.4399999999999,"d":"549.44"}}]
["MERIWETHER",{"$nulls":3},{"$f":"IF(A40=\"\",\"\",SUMIF(Fastlane!$A:$A,A40,Fastlane!$B:$B))","v":{"v":11699.68,"d":"11,699.68"}}]
["PIKE",{"$nulls":3},{"$f":"IF(A41=\"\",\"\",SUMIF(Fastlane!$A:$A,A41,Fastlane!$B:$B))","v":147.57}]
["ROCKDALE",{"$nulls":3},{"$f":"IF(A42=\"\",\"\",SUMIF(Fastlane!$A:$A,A42,Fastlane!$B:$B))","v":{"v":4878.179999999999,"d":"4,878.18"}}]
["TOLBERT",{"$nulls":3},{"$f":"IF(A43=\"\",\"\",SUMIF(Fastlane!$A:$A,A43,Fastlane!$B:$B))","v":{"v":0,"d":"0.00"}}]
["TROUP",{"$nulls":3},{"$f":"IF(A44=\"\",\"\",SUMIF(Fastlane!$A:$A,A44,Fastlane!$B:$B))","v":{"v":1315.95,"d":"1,315.95"}}]
[{"$nulls":4},{"$f":"IF(A45=\"\",\"\",SUMIF(Fastlane!$A:$A,A45,Fastlane!$B:$B))","v":""}]
[{"$nulls":4},{"$f":"IF(A46=\"\",\"\",SUMIF(Fastlane!$A:$A,A46,Fastlane!$B:$B))","v":""}]
[{"$nulls":4},{"$f":"IF(A47=\"\",\"\",SUMIF(Fastlane!$A:$A,A47,Fastlane!$B:$B))","v":""}]
[{"$nulls":4},{"$f":"IF(A48=\"\",\"\",SUMIF(Fastlane!$A:$A,A48,Fastlane!$B:$B))","v":""}]
[null,null,"TOTALS",null,{"$f":"SUM(E29:E48)","v":{"v":170423.9,"d":"170,423.90"}}]

{"sheet":"Fastlane","index":1,"n_rows":312,"n_cols":26,"rows_kept":312}
[{"$nulls":3},"Origin / Material Summary Report"]
[{"$nulls":3},"Criteria: 07/01/2018 12:00 AM to 09/30/2018 11:59 PM"]
[{"$nulls":3},"Business Unit Name: Turkey Run Landfill - S07435 (USA)"]
[{"$nulls":3},"User: tlee"]
[{"$nulls":3},"Date: Oct 08 2018, 6:10:31 AM - Central Standard Time"]
[{"$nulls":3},"Operation Type: Inbound"]
[{"$nulls":3},"Customer Name: All"]
[{"$nulls":3},"Ticket Type: All"]
[{"$nulls":3},"Customer Type: All"]
[{"$nulls":3},"PMT Category: All"]
[{"$nulls":3},"Profile: "]
["Origin","Tons",null,"Origin","Material","Loads","Yards","Tons","Material Rev.","Tax Rev.","Surch. Rev.","Total",{"$nulls":13},"Origin"]
[{"$f":"IF(OR(D13=\"\",D13=\"Origin Total\",D13=\"Totals\",E13=\"7003T\",I13=0),\"\",D13)","v":"CARROLL"},{"$f":"IF(A13=\"\",\"\",H13)","v":25.62},null,"CARROLL","1006T",2,0,25.62,{"v":505.44,"d":"$505.44"},{"v":44.84,"d":"$44.84"},{"v":0,"d":"$0.00"},{"v":550.28,"d":"$550.28"},{"$nulls":13},"CARROLL"]
[{"$f":"IF(OR(D14=\"\",D14=\"Origin Total\",D14=\"Totals\",E14=\"7003T\",I14=0),\"\",D14)","v":"CARROLL"},{"$f":"IF(A14=\"\",\"\",H14)","v":36.35},null,"CARROLL","2000T",6,0,36.35,{"v":816.35,"d":"$816.35"},{"v":63.62,"d":"$63.62"},{"v":28.21,"d":"$28.21"},{"v":908.18,"d":"$908.18"},{"$nulls":13},"CHEROKEE"]
["","",null,"CARROLL","7003T",1,0,14.22,{"v":0,"d":"$0.00"},{"v":0,"d":"$0.00"},{"v":0,"d":"$0.00"},{"v":0,"d":"$0.00"},{"$nulls":13},"CLAYTON"]
["CARROLL",3.17,null,"CARROLL","ASBE-Tons",2,0,3.17,{"v":168.54,"d":"$168.54"},{"v":5.55,"d":"$5.55"},{"v":0,"d":"$0.00"},{"v":174.09,"d":"$174.09"},{"$nulls":13},"COBB"]
["CARROLL",320.6,null,"CARROLL","C&D INDUSTRIAL-Tons",55,0,320.6,{"v":6547.34,"d":"$6,547.34"},{"v":561.13,"d":"$561.13"},{"v":1362.01,"d":"$1,362.01"},{"v":8470.48,"d":"$8,470.48"},{"$nulls":13},"COWETA"]
["CARROLL",0.61,null,"CARROLL","Off Spec Food-Tons",1,0,0.61,{"v":137,"d":"$137.00"},{"v":1.07,"d":"$1.07"},{"v":36.22,"d":"$36.22"},{"v":174.29,"d":"$174.29"},{"$nulls":13},"DOUGLAS"]
["CARROLL",{"$f":"IF(A19=\"\",\"\",H19)","v":56.92},null,"CARROLL","RECALLED FOOD PRODUCTS-TON",4,0,56.92,{"v":1707.6,"d":"$1,707.60"},{"v":99.62,"d":"$99.62"},{"v":532.86,"d":"$532.86"},{"v":2340.08,"d":"$2,340.08"},{"$nulls":13},"FAYETTE"]
["CARROLL",426.58,null,"CARROLL","Special Misc-Tons",43,0,426.58,{"v":15959.75,"d":"$15,959.75"},{"v":746.56,"d":"$746.56"},{"v":3203.93,"d":"$3,203.93"},{"v":19910.24,"d":"$19,910.24"},{"$nulls":13},"FULTON"]
["","",null,"Origin Total",null,114,0,884.07,{"v":25842.02,"d":"$25,842.02"},{"v":1522.39,"d":"$1,522.39"},{"v":5163.23,"d":"$5,163.23"},{"v":32527.64,"d":"$32,527.64"},{"$nulls":13},"HARRIS"]
["CHEROKEE",18.74,null,"CHEROKEE","1006T",1,0,18.74,{"v":362.62,"d":"$362.62"},{"v":32.8,"d":"$32.80"},{"v":0,"d":"$0.00"},{"v":395.42,"d":"$395.42"},{"$nulls":13},"HEARD"]
["CHEROKEE",16.84,null,"CHEROKEE","DIESEL FUEL CONTAMINATED SOIL/OR DEBRIS CLEANUP",1,0,16.84,{"v":421,"d":"$421.00"},{"v":29.47,"d":"$29.47"},{"v":0,"d":"$0.00"},{"v":450.47,"d":"$450.47"},{"$nulls":13},"HENRY"]
["","",null,"Origin Total",null,2,0,35.58,{"v":783.62,"d":"$783.62"},{"v":62.27,"d":"$62.27"},{"v":0,"d":"$0.00"},{"v":845.89,"d":"$845.89"},{"$nulls":13},"MERIWETHER"]
["CLAYTON",49156.87,null,"CLAYTON","1006T",2210,0,49156.87,{"v":951779.2,"d":"$951,779.20"},{"v":86027.15,"d":"$86,027.15"},{"v":0,"d":"$0.00"},{"v":1037806.35,"d":"$1,037,806.35"},{"$nulls":13},"PIKE"]
["CLAYTON",79.38,null,"CLAYTON","DIRECTLF/SOLID WHEELS AND TIRES/TON",8,0,79.38,{"v":2243.26,"d":"$2,243.26"},{"v":138.92,"d":"$138.92"},{"v":0,"d":"$0.00"},{"v":2382.18,"d":"$2,382.18"},{"$nulls":13},"ROCKDALE"]
["CLAYTON",11,null,"CLAYTON","DRUM-EACH",2,0,11,{"v":1573.04,"d":"$1,573.04"},{"v":19.26,"d":"$19.26"},{"v":0,"d":"$0.00"},{"v":1592.3,"d":"$1,592.30"},{"$nulls":13},"TOLBERT"]
["CLAYTON",31.92,null,"CLAYTON","DRUM/NON PBC PETRO SOIL/DEBRIS -EACH",3,0,31.92,{"v":2724.73,"d":"$2,724.73"},{"v":55.87,"d":"$55.87"},{"v":0,"d":"$0.00"},{"v":2780.6,"d":"$2,780.60"},{"$nulls":13},"TROUP"]
["CLAYTON",32.99,null,"CLAYTON","GARNET MATERIAL W/SOME METAL SHAVINGS",2,0,32.99,{"v":959.35,"d":"$959.35"},{"v":57.73,"d":"$57.73"},{"v":2157.3,"d":"$2,157.30"},{"v":3174.38,"d":"$3,174.38"}]
["CLAYTON",109.34,null,"CLAYTON","NON PBC PETROLEUM CONT. SOIL/DEBRIS - TON",9,0,109.34,{"v":3071.36,"d":"$3,071.36"},{"v":191.36,"d":"$191.36"},{"v":0,"d":"$0.00"},{"v":3262.72,"d":"$3,262.72"}]
["CLAYTON",16.24,null,"CLAYTON","Off Spec Prod Sld-Tons",1,0,16.24,{"v":406,"d":"$406.00"},{"v":28.42,"d":"$28.42"},{"v":96.31,"d":"$96.31"},{"v":530.73,"d":"$530.73"}]
["CLAYTON",14.79,null,"CLAYTON","PLANT YATES/REMEMIDATION WASTE OF PETROLEUM PAH",1,0,14.79,{"v":329.08,"d":"$329.08"},{"v":25.88,"d":"$25.88"},{"v":0,"d":"$0.00"},{"v":354.96,"d":"$354.96"}]
["CLAYTON",119.16,null,"CLAYTON","SOIL/DEBRIS/LIQUIDS PETROLEUM - TON",6,0,119.16,{"v":3347.2,"d":"$3,347.20"},{"v":208.54,"d":"$208.54"},{"v":0,"d":"$0.00"},{"v":3555.74,"d":"$3,555.74"}]
["CLAYTON",414.24,null,"CLAYTON","Special Misc-Tons",38,0,414.24,{"v":12386.36,"d":"$12,386.36"},{"v":702.36,"d":"$702.36"},{"v":469,"d":"$469.00"},{"v":13557.72,"d":"$13,557.72"}]
["CLAYTON",8.06,null,"CLAYTON","Treated Wood-Tons",1,0,8.06,{"v":201.5,"d":"$201.50"},{"v":14.11,"d":"$14.11"},{"v":53.33,"d":"$53.33"},{"v":268.94,"d":"$268.94"}]
["","",null,"Origin Total",null,2281,0,49993.99,{"v":979021.08,"d":"$979,021.08"},{"v":87469.6,"d":"$87,469.60"},{"v":2775.94,"d":"$2,775.94"},{"v":1069266.62,"d":"$1,069,266.62"}]
["COBB",5029.72,null,"COBB","1006T",220,0,5029.72,{"v":94575.7,"d":"$94,575.70"},{"v":8802.26,"d":"$8,802.26"},{"v":0,"d":"$0.00"},{"v":103377.96,"d":"$103,377.96"}]
["COBB",13.76,null,"COBB","OFF SPEC/EXPIRED FOOD PRODUCTS(WM025A)-TON",1,0,13.76,{"v":427.94,"d":"$427.94"},{"v":24.08,"d":"$24.08"},{"v":133.35,"d":"$133.35"},{"v":585.37,"d":"$585.37"}]
["COBB",12.39,null,"COBB","Off Spec Prod Sld-Tons",1,0,12.39,{"v":371.7,"d":"$371.70"},{"v":21.68,"d":"$21.68"},{"v":675,"d":"$675.00"},{"v":1068.38,"d":"$1,068.38"}]
["COBB",15.34,null,"COBB","PLANT YATES/REMEMIDATION WASTE OF PETROLEUM PAH",1,0,15.34,{"v":341.32,"d":"$341.32"},{"v":26.85,"d":"$26.85"},{"v":0,"d":"$0.00"},{"v":368.17,"d":"$368.17"}]
["","",null,"Origin Total",null,223,0,5071.21,{"v":95716.66,"d":"$95,716.66"},{"v":8874.87,"d":"$8,874.87"},{"v":808.35,"d":"$808.35"},{"v":105399.88,"d":"$105,399.88"}]
["COWETA",17954.09,null,"COWETA","1006T",1119,0,17954.09,{"v":415101.06,"d":"$415,101.06"},{"v":31421.04,"d":"$31,421.04"},{"v":25.04,"d":"$25.04"},{"v":446547.14,"d":"$446,547.14"}]
["COWETA",356.1,null,"COWETA","2000T",102,0,356.1,{"v":7416.59,"d":"$7,416.59"},{"v":623.29,"d":"$623.29"},{"v":127.56,"d":"$127.56"},{"v":8167.44,"d":"$8,167.44"}]
["","",null,"COWETA","7003T",24,0,382.19,{"v":0,"d":"$0.00"},{"v":0,"d":"$0.00"},{"v":0,"d":"$0.00"},{"v":0,"d":"$0.00"}]
["","",null,"COWETA","BXS",2,0,0,{"v":0,"d":"$0.00"},{"v":0,"d":"$0.00"},{"v":2500,"d":"$2,500.00"},{"v":2500,"d":"$2,500.00"}]
["COWETA",3284.73,null,"COWETA","C&D INDUSTRIAL-TON",269,0,3284.73,{"v":78833.52,"d":"$78,833.52"},{"v":5748.62,"d":"$5,748.62"},{"v":0,"d":"$0.00"},{"v":84582.14,"d":"$84,582.14"}]
["COWETA",49.96,null,"COWETA","C&D INDUSTRIAL-Tons",5,0,49.96,{"v":1604.98,"d":"$1,604.98"},{"v":87.45,"d":"$87.45"},{"v":1329.4,"d":"$1,329.40"},{"v":3021.83,"d":"$3,021.83"}]
["COWETA",42.68,null,"COWETA","CONSTRUCTION AND DEMOLITION DEBRIS-TON",3,0,42.68,{"v":938.96,"d":"$938.96"},{"v":74.69,"d":"$74.69"},{"v":82.45,"d":"$82.45"},{"v":1096.1,"d":"$1,096.10"}]
["COWETA",258.14,null,"COWETA","ContSoilPet-Tons",15,0,258.14,{"v":5643.21,"d":"$5,643.21"},{"v":451.77,"d":"$451.77"},{"v":1494.15,"d":"$1,494.15"},{"v":7589.13,"d":"$7,589.13"}]
["COWETA",4.56,null,"COWETA","GASOLINE IMPACTED SOIL",1,0,4.56,{"v":150,"d":"$150.00"},{"v":7.98,"d":"$7.98"},{"v":46.79,"d":"$46.79"},{"v":204.77,"d":"$204.77"}]
["COWETA",809.99,null,"COWETA","OFF SPEC/EXPIRED FOOD PRODUCTS(WM025A)-TON",69,0,809.99,{"v":25207.23,"d":"$25,207.23"},{"v":1417.56,"d":"$1,417.56"},{"v":11796.7,"d":"$11,796.70"},{"v":38421.49,"d":"$38,421.49"}]
["COWETA",393.26,null,"COWETA","Off Spec Prod Sld-Tons",28,0,393.26,{"v":9878.65,"d":"$9,878.65"},{"v":688.23,"d":"$688.23"},{"v":2949.91,"d":"$2,949.91"},{"v":13516.79,"d":"$13,516.79"}]
["COWETA",487.08,null,"COWETA","PCE IMPACTED SOIL-TON",29,0,487.08,{"v":11689.92,"d":"$11,689.92"},{"v":852.42,"d":"$852.42"},{"v":0,"d":"$0.00"},{"v":12542.34,"d":"$12,542.34"}]
["COWETA",2132.62,null,"COWETA","PETROLEUM IMPACTED SOIL-TON",119,0,2132.62,{"v":51182.88,"d":"$51,182.88"},{"v":3732.21,"d":"$3,732.21"},{"v":0,"d":"$0.00"},{"v":54915.09,"d":"$54,915.09"}]
["COWETA",6812.62,null,"COWETA","PLANT YATES/REMEMIDATION WASTE OF PETROLEUM PAH",424,0,6812.62,{"v":151581.37,"d":"$151,581.37"},{"v":11922.62,"d":"$11,922.62"},{"v":0,"d":"$0.00"},{"v":163503.99,"d":"$163,503.99"}]
["COWETA",7.24,null,"COWETA","RECALLED FOOD PRODUCTS-TON",1,0,7.24,{"v":217.2,"d":"$217.20"},{"v":12.67,"d":"$12.67"},{"v":67.75,"d":"$67.75"},{"v":297.62,"d":"$297.62"}]
["COWETA",2.23,null,"COWETA","SOIL WASTE - DRUM",1,0,2.23,{"v":210,"d":"$210.00"},{"v":3.9,"d":"$3.90"},{"v":65.43,"d":"$65.43"},{"v":279.33,"d":"$279.33"}]
["COWETA",169.92,null,"COWETA","Sludge Filter-Tons",9,0,169.92,{"v":3763.74,"d":"$3,763.74"},{"v":297.37,"d":"$297.37"},{"v":0,"d":"$0.00"},{"v":4061.11,"d":"$4,061.11"}]
["COWETA",818.07,null,"COWETA","Special Misc-Tons",57,0,818.07,{"v":18296.74,"d":"$18,296.74"},{"v":1431.7,"d":"$1,431.70"},{"v":4842.99,"d":"$4,842.99"},{"v":24571.43,"d":"$24,571.43"}]
["COWETA",8.75,null,"COWETA","TONS-NON-HAZ ASH PROCESS RESIDUALS",1,0,8.75,{"v":150.94,"d":"$150.94"},{"v":15.31,"d":"$15.31"},{"v":405,"d":"$405.00"},{"v":571.25,"d":"$571.25"}]
["COWETA",9.31,null,"COWETA","Treated Wood-Tons",2,0,9.31,{"v":324.37,"d":"$324.37"},{"v":16.3,"d":"$16.30"},{"v":91.91,"d":"$91.91"},{"v":432.58,"d":"$432.58"}]
["","",null,"Origin Total",null,2280,0,33983.54,{"v":782191.36,"d":"$782,191.36"},{"v":58805.13,"d":"$58,805.13"},{"v":25825.08,"d":"$25,825.08"},{"v":866821.57,"d":"$866,821.57"}]
["DOUGLAS",2.4,null,"DOUGLAS","1006T",1,0,2.4,{"v":76.08,"d":"$76.08"},{"v":4.2,"d":"$4.20"},{"v":0,"d":"$0.00"},{"v":80.28,"d":"$80.28"}]
["DOUGLAS",13.59,null,"DOUGLAS","UNUSED/OFF-SPEC PRODCUTS (SOLID)",1,0,13.59,{"v":434.88,"d":"$434.88"},{"v":23.78,"d":"$23.78"},{"v":0,"d":"$0.00"},{"v":458.66,"d":"$458.66"}]
["","",null,"Origin Total",null,2,0,15.99,{"v":510.96,"d":"$510.96"},{"v":27.98,"d":"$27.98"},{"v":0,"d":"$0.00"},{"v":538.94,"d":"$538.94"}]
["FAYETTE",8230.25,null,"FAYETTE","1006T",378,0,8230.25,{"v":173169.02,"d":"$173,169.02"},{"v":14403.4,"d":"$14,403.40"},{"v":0,"d":"$0.00"},{"v":187572.42,"d":"$187,572.42"}]
["","",null,"FAYETTE","7000T",3,0,53.78,{"v":0,"d":"$0.00"},{"v":0,"d":"$0.00"},{"v":0,"d":"$0.00"},{"v":0,"d":"$0.00"}]
["","",null,"FAYETTE","7003T",219,0,3600.94,{"v":0,"d":"$0.00"},{"v":0,"d":"$0.00"},{"v":0,"d":"$0.00"},{"v":0,"d":"$0.00"}]
["FAYETTE",16.78,null,"FAYETTE","Special Misc-Cubic Yards",3,50,16.78,{"v":1081.5,"d":"$1,081.50"},{"v":29.36,"d":"$29.36"},{"v":0,"d":"$0.00"},{"v":1110.86,"d":"$1,110.86"}]
["FAYETTE",27.35,null,"FAYETTE","UNUSED/OFF-SPEC PRODCUTS (SOLID)",2,0,27.35,{"v":875.2,"d":"$875.20"},{"v":47.87,"d":"$47.87"},{"v":0,"d":"$0.00"},{"v":923.07,"d":"$923.07"}]
["","",null,"Origin Total",null,605,50,11929.1,{"v":175125.72,"d":"$175,125.72"},{"v":14480.63,"d":"$14,480.63"},{"v":0,"d":"$0.00"},{"v":189606.35,"d":"$189,606.35"}]
["FULTON",26006.79,null,"FULTON","1006T",1194,0,26006.79,{"v":504981.71,"d":"$504,981.71"},{"v":45513.38,"d":"$45,513.38"},{"v":325.3,"d":"$325.30"},{"v":550820.39,"d":"$550,820.39"}]
["FULTON",5.29,null,"FULTON","2000T",3,0,5.29,{"v":142.36,"d":"$142.36"},{"v":9.26,"d":"$9.26"},{"v":16.81,"d":"$16.81"},{"v":168.43,"d":"$168.43"}]
["","",null,"FULTON","7003T",63,0,1065.42,{"v":0,"d":"$0.00"},{"v":0,"d":"$0.00"},{"v":0,"d":"$0.00"},{"v":0,"d":"$0.00"}]
["FULTON",8.12,null,"FULTON","C&D INDUSTRIAL-TON",1,0,8.12,{"v":194.88,"d":"$194.88"},{"v":14.21,"d":"$14.21"},{"v":0,"d":"$0.00"},{"v":209.09,"d":"$209.09"}]
["FULTON",4833.34,null,"FULTON","C&D INDUSTRIAL-Tons",366,0,4833.34,{"v":160709.02,"d":"$160,709.02"},{"v":8458.78,"d":"$8,458.78"},{"v":156221.35,"d":"$156,221.35"},{"v":325389.15,"d":"$325,389.15"}]
["FULTON",340.19,null,"FULTON","CONSTRUCTION AND DEMOLITION DEBRIS-TON",20,0,340.19,{"v":7511.02,"d":"$7,511.02"},{"v":595.37,"d":"$595.37"},{"v":659.46,"d":"$659.46"},{"v":8765.85,"d":"$8,765.85"}]
[{"$f":"IF(OR(D78=\"\",D78=\"Origin Total\",D78=\"Totals\",E78=\"7003T\",I78=0),\"\",D78)","v":"FULTON"},37.46,null,"FULTON","ContSoilPet-Tons",2,0,37.46,{"v":822.62,"d":"$822.62"},{"v":65.56,"d":"$65.56"},{"v":218.35,"d":"$218.35"},{"v":1106.53,"d":"$1,106.53"}]
["FULTON",24.19,null,"FULTON","DIRECT LANDFILL",1,0,24.19,{"v":804.32,"d":"$804.32"},{"v":0,"d":"$0.00"},{"v":50,"d":"$50.00"},{"v":854.32,"d":"$854.32"}]
["FULTON",7.59,null,"FULTON","DRUM/NON PBC PETRO SOIL/DEBRIS -EACH",1,0,7.59,{"v":786.52,"d":"$786.52"},{"v":13.28,"d":"$13.28"},{"v":0,"d":"$0.00"},{"v":799.8,"d":"$799.80"}]
["FULTON",14.03,null,"FULTON","ETHYLENE GLYCOL IMPACTED ABSORBENTS",1,0,14.03,{"v":30,"d":"$30.00"},{"v":24.55,"d":"$24.55"},{"v":14.06,"d":"$14.06"},{"v":68.61,"d":"$68.61"}]
["FULTON",3.44,null,"FULTON","GYM FLOOR PADDING",1,20,3.44,{"v":150,"d":"$150.00"},{"v":6.02,"d":"$6.02"},{"v":46.75,"d":"$46.75"},{"v":202.77,"d":"$202.77"}]
["FULTON",{"$f":"IF(A83=\"\",\"\",H83)","v":51.95},null,"FULTON","HDPE FIBER OPTIC WASTE-TON",4,0,51.95,{"v":1839.56,"d":"$1,839.56"},{"v":90.93,"d":"$90.93"},{"v":0,"d":"$0.00"},{"v":1930.49,"d":"$1,930.49"}]
["FULTON",37.14,null,"FULTON","NH NON RCRA SOLIDS-DRUM",3,0,37.14,{"v":2649.57,"d":"$2,649.57"},{"v":64.99,"d":"$64.99"},{"v":826.96,"d":"$826.96"},{"v":3541.52,"d":"$3,541.52"}]
["FULTON",3.55,null,"FULTON","NON HAZARDOUS SOIL CUTTINGS-EMPTY DRUM",1,0,3.55,{"v":228.24,"d":"$228.24"},{"v":6.21,"d":"$6.21"},{"v":60.21,"d":"$60.21"},{"v":294.66,"d":"$294.66"}]
["FULTON",31.09,null,"FULTON","NON PBC PETROLEUM CONT. SOIL/DEBRIS - TON",3,0,31.09,{"v":873.32,"d":"$873.32"},{"v":54.41,"d":"$54.41"},{"v":0,"d":"$0.00"},{"v":927.73,"d":"$927.73"}]
["FULTON",10.91,null,"FULTON","NON-TSCA SOIL AND GRAVEL",1,0,10.91,{"v":294.57,"d":"$294.57"},{"v":19.09,"d":"$19.09"},{"v":600,"d":"$600.00"},{"v":913.66,"d":"$913.66"}]
["FULTON",459.32,null,"FULTON","OFF SPEC/EXPIRED FOOD PRODUCTS(WM025A)-TON",40,0,459.32,{"v":14284.87,"d":"$14,284.87"},{"v":803.88,"d":"$803.88"},{"v":6917.45,"d":"$6,917.45"},{"v":22006.2,"d":"$22,006.20"}]
["FULTON",94.62,null,"FULTON","OIL IMPACTED SOIL, GRAVEL AND SOFT ABSORBENTS-TON",8,0,94.62,{"v":2365.5,"d":"$2,365.50"},{"v":165.6,"d":"$165.60"},{"v":543.12,"d":"$543.12"},{"v":3074.22,"d":"$3,074.22"}]
["FULTON",12.74,null,"FULTON","OILY RAGS-TONS",6,0,12.74,{"v":775.5,"d":"$775.50"},{"v":22.3,"d":"$22.30"},{"v":205.14,"d":"$205.14"},{"v":1002.94,"d":"$1,002.94"}]
["FULTON",319.9,null,"FULTON","Off Spec Food-Tons",30,0,319.9,{"v":10578.85,"d":"$10,578.85"},{"v":559.87,"d":"$559.87"},{"v":360.37,"d":"$360.37"},{"v":11499.09,"d":"$11,499.09"}]
["FULTON",355.64,null,"FULTON","Off Spec Prod Sld-Tons",37,0,355.64,{"v":10612.5,"d":"$10,612.50"},{"v":622.4,"d":"$622.40"},{"v":23708.01,"d":"$23,708.01"},{"v":34942.91,"d":"$34,942.91"}]
["FULTON",5719.15,null,"FULTON","PLANT YATES/REMEMIDATION WASTE OF PETROLEUM PAH",385,0,5719.15,{"v":127251.52,"d":"$127,251.52"},{"v":10008.97,"d":"$10,008.97"},{"v":0,"d":"$0.00"},{"v":137260.49,"d":"$137,260.49"}]
["FULTON",15.04,null,"FULTON","SOIL/DEBRIS/LIQUIDS PETROLEUM - TON",1,0,15.04,{"v":422.47,"d":"$422.47"},{"v":26.32,"d":"$26.32"},{"v":0,"d":"$0.00"},{"v":448.79,"d":"$448.79"}]
["","",null,"FULTON","SPH",10,0,0,{"v":0,"d":"$0.00"},{"v":0,"d":"$0.00"},{"v":35250,"d":"$35,250.00"},{"v":35250,"d":"$35,250.00"}]
["FULTON",1834.29,null,"FULTON","Sludge Filter-Tons",98,0,1834.29,{"v":40629.57,"d":"$40,629.57"},{"v":3210.17,"d":"$3,210.17"},{"v":0,"d":"$0.00"},{"v":43839.74,"d":"$43,839.74"}]
["FULTON",615.37,null,"FULTON","Special Misc-Tons",67,0,615.37,{"v":20418.52,"d":"$20,418.52"},{"v":1076.98,"d":"$1,076.98"},{"v":3664.71,"d":"$3,664.71"},{"v":25160.21,"d":"$25,160.21"}]
["FULTON",1.08,null,"FULTON","TONS-DIESEL FUEL IMPACTD SOIL OR DEBRIS CLEANUP",1,0,1.08,{"v":75,"d":"$75.00"},{"v":1.89,"d":"$1.89"},{"v":88.95,"d":"$88.95"},{"v":165.84,"d":"$165.84"}]
["FULTON",11976.84,null,"FULTON","TONS-NON-HAZ ASH PROCESS RESIDUALS",1340,0,11976.84,{"v":206602.17,"d":"$206,602.17"},{"v":20961.06,"d":"$20,961.06"},{"v":543456.95,"d":"$543,456.95"},{"v":771020.18,"d":"$771,020.18"}]
["FULTON",164.2,null,"FULTON","Treated Wood-Tons",20,0,164.2,{"v":4280.27,"d":"$4,280.27"},{"v":287.37,"d":"$287.37"},{"v":1132.92,"d":"$1,132.92"},{"v":5700.56,"d":"$5,700.56"}]
["FULTON",1.43,null,"FULTON","UNUSED/OFF-SPEC PRODUCTS (SOLID)",1,0,1.43,{"v":125,"d":"$125.00"},{"v":2.5,"d":"$2.50"},{"v":0,"d":"$0.00"},{"v":127.5,"d":"$127.50"}]
["FULTON",64.09,null,"FULTON","Wstwtr Sludge-Tons",7,0,64.09,{"v":1794.52,"d":"$1,794.52"},{"v":112.16,"d":"$112.16"},{"v":0,"d":"$0.00"},{"v":1906.68,"d":"$1,906.68"}]
["","",null,"Origin Total",null,3716,20,54114.21,{"v":1122233.97,"d":"$1,122,233.97"},{"v":92797.51,"d":"$92,797.51"},{"v":774366.87,"d":"$774,366.87"},{"v":1989398.35,"d":"$1,989,398.35"}]
["HARRIS",6.72,null,"HARRIS","2000T",1,0,6.72,{"v":141.12,"d":"$141.12"},{"v":11.76,"d":"$11.76"},{"v":0,"d":"$0.00"},{"v":152.88,"d":"$152.88"}]
["HARRIS",15.74,null,"HARRIS","Special Misc-Tons",2,0,15.74,{"v":608.14,"d":"$608.14"},{"v":27.55,"d":"$27.55"},{"v":161.16,"d":"$161.16"},{"v":796.85,"d":"$796.85"}]
["","",null,"Origin Total",null,3,0,22.46,{"v":749.26,"d":"$749.26"},{"v":39.31,"d":"$39.31"},{"v":161.16,"d":"$161.16"},{"v":949.73,"d":"$949.73"}]
["HEARD",86.93,null,"HEARD","1006T",29,0,86.93,{"v":2365.71,"d":"$2,365.71"},{"v":152.12,"d":"$152.12"},{"v":0,"d":"$0.00"},{"v":2517.83,"d":"$2,517.83"}]
["HEARD",812.55,null,"HEARD","2000T",136,0,812.55,{"v":19290.01,"d":"$19,290.01"},{"v":1422.08,"d":"$1,422.08"},{"v":0,"d":"$0.00"},{"v":20712.09,"d":"$20,712.09"}]
["","",null,"HEARD","7003T",2,0,26.7,{"v":0,"d":"$0.00"},{"v":0,"d":"$0.00"},{"v":0,"d":"$0.00"},{"v":0,"d":"$0.00"}]
["","",null,"Origin Total",null,167,0,926.18,{"v":21655.72,"d":"$21,655.72"},{"v":1574.2,"d":"$1,574.20"},{"v":0,"d":"$0.00"},{"v":23229.92,"d":"$23,229.92"}]
["HENRY",410.48,null,"HENRY","1006T",20,0,410.48,{"v":8640.62,"d":"$8,640.62"},{"v":718.37,"d":"$718.37"},{"v":0,"d":"$0.00"},{"v":9358.99,"d":"$9,358.99"}]
["HENRY",18.43,null,"HENRY","2000T",2,0,18.43,{"v":552.9,"d":"$552.90"},{"v":32.26,"d":"$32.26"},{"v":380,"d":"$380.00"},{"v":965.16,"d":"$965.16"}]
["HENRY",112.12,null,"HENRY","HDPE FIBER OPTIC WASTE-TON",7,0,112.12,{"v":3970.17,"d":"$3,970.17"},{"v":196.23,"d":"$196.23"},{"v":0,"d":"$0.00"},{"v":4166.4,"d":"$4,166.40"}]
["HENRY",8.41,null,"HENRY","Special Liquid-Tons",1,0,8.41,{"v":252.3,"d":"$252.30"},{"v":14.72,"d":"$14.72"},{"v":78.61,"d":"$78.61"},{"v":345.63,"d":"$345.63"}]
["","",null,"Origin Total",null,30,0,549.44,{"v":13415.99,"d":"$13,415.99"},{"v":961.58,"d":"$961.58"},{"v":458.61,"d":"$458.61"},{"v":14836.18,"d":"$14,836.18"}]
["MERIWETHER",10270.78,null,"MERIWETHER","1006T",1480,0,10270.78,{"v":230782.14,"d":"$230,782.14"},{"v":17710.52,"d":"$17,710.52"},{"v":2714.44,"d":"$2,714.44"},{"v":251207.1,"d":"$251,207.10"}]
["MERIWETHER",875.08,null,"MERIWETHER","2000T",233,0,875.08,{"v":18056.22,"d":"$18,056.22"},{"v":1531.68,"d":"$1,531.68"},{"v":717.49,"d":"$717.49"},{"v":20305.39,"d":"$20,305.39"}]
["","",null,"MERIWETHER","7003T",81,0,1127.02,{"v":0,"d":"$0.00"},{"v":0,"d":"$0.00"},{"v":0,"d":"$0.00"},{"v":0,"d":"$0.00"}]
["MERIWETHER",519.43,null,"MERIWETHER","CONSTRUCTION AND DEMOLITION DEBRIS-TON",30,0,519.43,{"v":11427.46,"d":"$11,427.46"},{"v":909.04,"d":"$909.04"},{"v":1003.33,"d":"$1,003.33"},{"v":13339.83,"d":"$13,339.83"}]
["MERIWETHER",19.48,null,"MERIWETHER","HDPE FIBER OPTIC WASTE-TON",1,0,19.48,{"v":689.79,"d":"$689.79"},{"v":34.09,"d":"$34.09"},{"v":0,"d":"$0.00"},{"v":723.88,"d":"$723.88"}]
["MERIWETHER",14.91,null,"MERIWETHER","Special Misc-Tons",1,0,14.91,{"v":430.75,"d":"$430.75"},{"v":26.09,"d":"$26.09"},{"v":114.15,"d":"$114.15"},{"v":570.99,"d":"$570.99"}]
["","",null,"Origin Total",null,1826,0,12826.7,{"v":261386.36,"d":"$261,386.36"},{"v":20211.42,"d":"$20,211.42"},{"v":4549.41,"d":"$4,549.41"},{"v":286147.19,"d":"$286,147.19"}]
["PIKE",2.5,null,"PIKE","2000T",1,0,2.5,{"v":49.8,"d":"$49.80"},{"v":4.38,"d":"$4.38"},{"v":0,"d":"$0.00"},{"v":54.18,"d":"$54.18"}]
["","",null,"PIKE","7003T",1,0,15.57,{"v":0,"d":"$0.00"},{"v":0,"d":"$0.00"},{"v":0,"d":"$0.00"},{"v":0,"d":"$0.00"}]
["PIKE",14.66,null,"PIKE","OIL IMPACTED SOIL, GRAVEL AND SOFT ABSORBENTS-TON",1,0,14.66,{"v":366.5,"d":"$366.50"},{"v":25.66,"d":"$25.66"},{"v":84.04,"d":"$84.04"},{"v":476.2,"d":"$476.20"}]
["PIKE",130.41,null,"PIKE","Wstwtr Sludge-Tons",15,0,130.41,{"v":3685.36,"d":"$3,685.36"},{"v":228.22,"d":"$228.22"},{"v":0,"d":"$0.00"},{"v":3913.58,"d":"$3,913.58"}]
["","",null,"Origin Total",null,18,0,163.14,{"v":4101.66,"d":"$4,101.66"},{"v":258.26,"d":"$258.26"},{"v":84.04,"d":"$84.04"},{"v":4443.96,"d":"$4,443.96"}]
["ROCKDALE",4652.2,null,"ROCKDALE","1006T",229,0,4652.2,{"v":97491.28,"d":"$97,491.28"},{"v":8141.6,"d":"$8,141.60"},{"v":0,"d":"$0.00"},{"v":105632.88,"d":"$105,632.88"}]
["ROCKDALE",225.98,null,"ROCKDALE","Off Spec Prod Sld-Tons",24,0,225.98,{"v":6779.4,"d":"$6,779.40"},{"v":395.52,"d":"$395.52"},{"v":16200,"d":"$16,200.00"},{"v":23374.92,"d":"$23,374.92"}]
["","",null,"Origin Total",null,253,0,4878.18,{"v":104270.68,"d":"$104,270.68"},{"v":8537.12,"d":"$8,537.12"},{"v":16200,"d":"$16,200.00"},{"v":129007.8,"d":"$129,007.80"}]
["","",null,"TOLBERT","7003T",1,0,4.05,{"v":0,"d":"$0.00"},{"v":0,"d":"$0.00"},{"v":0,"d":"$0.00"},{"v":0,"d":"$0.00"}]
["","",null,"Origin Total",null,1,0,4.05,{"v":0,"d":"$0.00"},{"v":0,"d":"$0.00"},{"v":0,"d":"$0.00"},{"v":0,"d":"$0.00"}]
["TROUP",635.73,null,"TROUP","1006T",92,0,635.73,{"v":14941.61,"d":"$14,941.61"},{"v":1112.67,"d":"$1,112.67"},{"v":919.05,"d":"$919.05"},{"v":16973.33,"d":"$16,973.33"}]
["TROUP",514.03,null,"TROUP","2000T",144,0,514.03,{"v":10462.25,"d":"$10,462.25"},{"v":899.71,"d":"$899.71"},{"v":101.34,"d":"$101.34"},{"v":11463.3,"d":"$11,463.30"}]
["","",null,"TROUP","7003T",9,0,102.93,{"v":0,"d":"$0.00"},{"v":0,"d":"$0.00"},{"v":0,"d":"$0.00"},{"v":0,"d":"$0.00"}]
["TROUP",7.21,null,"TROUP","DIESEL FUEL IMPACTED SOIL",1,0,7.21,{"v":216.3,"d":"$216.30"},{"v":12.62,"d":"$12.62"},{"v":49.4,"d":"$49.40"},{"v":278.32,"d":"$278.32"}]
["TROUP",140.81,null,"TROUP","Special Misc-Tons",13,0,140.81,{"v":4209.73,"d":"$4,209.73"},{"v":246.42,"d":"$246.42"},{"v":2094.97,"d":"$2,094.97"},{"v":6551.12,"d":"$6,551.12"}]
["TROUP",6.41,null,"TROUP","TRACK MATTING",1,0,6.41,{"v":192.3,"d":"$192.30"},{"v":11.22,"d":"$11.22"},{"v":0,"d":"$0.00"},{"v":203.52,"d":"$203.52"}]
["TROUP",11.76,null,"TROUP","Treated Wood-Tons",1,0,11.76,{"v":294,"d":"$294.00"},{"v":20.58,"d":"$20.58"},{"v":77.64,"d":"$77.64"},{"v":392.22,"d":"$392.22"}]
["","",null,"Origin Total",null,261,0,1418.88,{"v":30316.19,"d":"$30,316.19"},{"v":2303.22,"d":"$2,303.22"},{"v":3242.4,"d":"$3,242.40"},{"v":35861.81,"d":"$35,861.81"}]
["","",null,null,"1006T",3,0,68.76,{"v":1357.84,"d":"$1,357.84"},{"v":120.33,"d":"$120.33"},{"v":0,"d":"$0.00"},{"v":1478.17,"d":"$1,478.17"}]
[{"$f":"IF(OR(D142=\"\",D142=\"Origin Total\",D142=\"Totals\",E142=\"7003T\",I142=0),\"\",D142)","v":""},"",null,null,"2000T",1,0,4.55,{"v":90.64,"d":"$90.64"},{"v":7.96,"d":"$7.96"},{"v":0,"d":"$0.00"},{"v":98.6,"d":"$98.60"}]
["","",null,null,"APV",21,0,0,{"v":0,"d":"$0.00"},{"v":0,"d":"$0.00"},{"v":1050,"d":"$1,050.00"},{"v":1050,"d":"$1,050.00"}]
["","",null,null,"BXS",1,0,0,{"v":0,"d":"$0.00"},{"v":0,"d":"$0.00"},{"v":1250,"d":"$1,250.00"},{"v":1250,"d":"$1,250.00"}]
["","",null,null,"MFP",2,0,0,{"v":0,"d":"$0.00"},{"v":0,"d":"$0.00"},{"v":300,"d":"$300.00"},{"v":300,"d":"$300.00"}]
["","",null,null,"RCR",1,0,0,{"v":0,"d":"$0.00"},{"v":0,"d":"$0.00"},{"v":25,"d":"$25.00"},{"v":25,"d":"$25.00"}]
["",{"$f":"IF(A147=\"\",\"\",H147)","v":""},null,null,"SPB",7,0,5033.66,{"v":0,"d":"$0.00"},{"v":0,"d":"$0.00"},{"v":18876.24,"d":"$18,876.24"},{"v":18876.24,"d":"$18,876.24"}]
["","",null,null,"SPH",1,0,0,{"v":0,"d":"$0.00"},{"v":0,"d":"$0.00"},{"v":2350,"d":"$2,350.00"},{"v":2350,"d":"$2,350.00"}]
["","",null,"Origin Total",null,37,0,5106.97,{"v":1448.48,"d":"$1,448.48"},{"v":128.29,"d":"$128.29"},{"v":23851.24,"d":"$23,851.24"},{"v":25428.01,"d":"$25,428.01"}]
["","",null,"Totals",null,11819,70,181923.69,{"v":3618769.73,"d":"$3,618,769.73"},{"v":298053.78,"d":"$298,053.78"},{"v":857486.33,"d":"$857,486.33"},{"v":4774309.84,"d":"$4,774,309.84"}]
["",""]
["",""]
["",""]
["",""]
["",""]
["",""]
["",""]
["",""]
["",""]
["",""]
["",""]
["",""]
["",""]
["",""]
["",""]
["",""]
["",""]
["",""]
["",""]
["",""]
["",""]
["",""]
["",""]
["",""]
["",""]
["",""]
["",""]
["",""]
["",""]
["",""]
["",""]
["",""]
["",""]
["",""]
["",""]
["",""]
["",""]
["",""]
["",""]
["",""]
["",""]
["",""]
["",""]
["",""]
["",""]
["",""]
["",""]
["",""]
["",""]
["",""]
["",""]
["",""]
["",""]
["",""]
["",""]
[{"$f":"IF(OR(D206=\"\",D206=\"Origin Total\",D206=\"Totals\",E206=\"7003T\",I206=0),\"\",D206)","v":""},""]
["",""]
["",""]
["",""]
["",""]
["",{"$f":"IF(A211=\"\",\"\",H211)","v":""}]
["",""]
["",""]
["",""]
["",""]
["",""]
["",""]
["",""]
["",""]
["",""]
["",""]
["",""]
["",""]
["",""]
["",""]
["",""]
["",""]
["",""]
["",""]
["",""]
["",""]
["",""]
["",""]
["",""]
["",""]
["",""]
["",""]
["",""]
["",""]
["",""]
["",""]
["",""]
["",""]
["",""]
["",""]
["",""]
["",""]
["",""]
["",""]
["",""]
["",""]
["",""]
["",""]
["",""]
["",""]
["",""]
["",""]
["",""]
["",""]
["",""]
["",""]
["",""]
["",""]
["",""]
["",""]
["",""]
["",""]
["",""]
["",""]
[{"$f":"IF(OR(D270=\"\",D270=\"Origin Total\",D270=\"Totals\",E270=\"7003T\",I270=0),\"\",D270)","v":""},""]
["",""]
["",""]
["",""]
["",""]
["",{"$f":"IF(A275=\"\",\"\",H275)","v":""}]
["",""]
["",""]
["",""]
["",""]
["",""]
["",""]
["",""]
["",""]
["",""]
["",""]
["",""]
["",""]
["",""]
["",""]
["",""]
["",""]
["",""]
["",""]
["",""]
["",""]
["",""]
["",""]
["",""]
["",""]
["",""]
["",""]
["",""]
["",""]
["",""]
["",""]
["",""]
["",""]
["",""]
["",""]
["",""]
["",""]
["",""]

{"sheet":"Instructions","index":2,"n_rows":6,"n_cols":6,"rows_kept":6}
[]
["Run Fastlane Orgin Report","Origin / Material Summary Report",{"$nulls":3}," Copy and paste in the fastlane tab"]
["These will AUTO  -Exclude beneficial Use tons "]
["Exclude beneficial Use tons "]
[null,"Tons with 0 amount charged"]
[null,"Tons with Material Code 7003T"]